et d(x) = 2*x**2 + 15*x + 5. What is the remainder when d(-10) is divided by l(-6)?
13
What is the remainder when 26 is divided by ((-22)/(-2) - -3) + 0?
12
Suppose 0 = 3*z + 2*z. Suppose z = -5*w - x + 65, -4*x = w + 3 + 3. Calculate the remainder when 54 is divided by w.
12
Suppose 0 = 22*h - 29*h + 567. Calculate the remainder when h is divided by (-2 - -1)*-21*1.
18
Suppose 4*h + 7 = 3*f, 4*h - h + 4*f = 26. Suppose 4*p - 26 - 58 = 2*z, -2*p + 42 = -3*z. Calculate the remainder when p is divided by 13 - (-3)/((-3)/h).
10
Let g(l) = -12*l - 4. What is the remainder when 77 is divided by g(-2)?
17
Let m(v) = -v + 10. What is the remainder when 4 is divided by m(8)?
0
Let v be (1 - (-3 + 4))/(-1). Suppose v = 4*k - 20, -6*z + 27 = -2*z - k. Calculate the remainder when 21 is divided by z.
5
Suppose -16 - 4 = -4*h. Suppose -h*d + 75 = -0*d. What is the remainder when 56 is divided by d?
11
Calculate the remainder when (-48 - -54)*((-5)/(-2))/1 is divided by 9.
6
Suppose -63 - 11 = -3*k - l, -k - l + 28 = 0. What is the remainder when k is divided by 160/26 + 4/(-26)?
5
Let v(u) = -u**3 + u + 3. Let y be v(0). Suppose 3*a - 142 = -4*o, 0 = o + y*o + 4*a - 144. What is the remainder when 100 is divided by o?
32
Let s(a) = 9*a**2 - 3*a + 1. Calculate the remainder when s(-3) is divided by 31.
29
Suppose 2 = s - 5. Calculate the remainder when 26 is divided by s.
5
Suppose -3*w + 2*w = -7. Let k = 0 + w. What is the remainder when k is divided by 4?
3
Let d(q) = -q**2 - 8*q - 3. Calculate the remainder when 35 is divided by d(-5).
11
Let s(n) = n**2 - 6*n + 8. Let k be s(7). Suppose 4*r = -0*r - 3*i + k, -i = 3. Let j(f) = -f + 10. What is the remainder when j(-7) is divided by r?
5
Suppose -2*q + 2*u = -20, -2*q = -6*q + 2*u + 38. Let p = -4 - 0. Let h = p + 9. Calculate the remainder when q is divided by h.
4
Suppose 4*b = -2*r + 32, -34 = -2*r - b - 8. Suppose -4*a - 48 = -7*a. Let v = a + 6. What is the remainder when v is divided by r?
10
Calculate the remainder when 101 is divided by 20 + 0 - (2 + -3).
17
Let h = 64 - 130. Let p = h - 47. Let o = 159 + p. Calculate the remainder when o is divided by 12.
10
Let u be ((2 + 7)/3)/3. Let r(t) = -6*t**3 - t**2 + t + 0*t**2 + 3*t**2 + u. Calculate the remainder when r(-2) is divided by 19.
17
Suppose 0*g = -3*x - 5*g + 39, 3*x = 3*g + 39. Let c = 12 + x. Calculate the remainder when 98 is divided by c.
23
What is the remainder when 60 is divided by 1 + -2 + 154/7?
18
What is the remainder when 4*2/(-20) + (-232)/(-5) is divided by 10?
6
Let n be (-2 - -3)/2*4. Suppose 4*q - 4 = -t + 16, 3*t - 2*q = -10. Suppose 5*g + n*d - 57 = 3*d, -5*d - 10 = t. What is the remainder when 20 is divided by g?
9
Suppose b + 92 = 5*b. Let d = -308 - -321. Calculate the remainder when b is divided by d.
10
Suppose -4 = -0*p - 4*p. Let z = p - 0. Calculate the remainder when 11 + 0/(z + 0) is divided by 6.
5
Suppose 2*i - i = 0. Suppose 3*c = i, 2*z + 6 = -2*c + c. What is the remainder when 37*(z - (-2 + -2)) is divided by 20?
17
Let h(k) = 2*k - 8. Let r be h(5). Let v = r - -17. What is the remainder when 56 is divided by v?
18
Suppose -3*k + 0 = -45. What is the remainder when 38 is divided by k?
8
Let d(p) = 5*p**2 + 3*p - 3. Let w be d(4). Let i = w + -54. Calculate the remainder when i is divided by 9.
8
Suppose 0 = -4*u + 27 - 67. Let j = -5 - u. Suppose -3*x = -4 - j. Calculate the remainder when 10 is divided by x.
1
Let d(i) = 9*i**2 - 2*i. Suppose a - 2 = -3*c, 4*c = -a + 8*c + 2. Suppose a*k = 5*f - 16, 4*k = -0*f + 2*f. What is the remainder when d(k) is divided by 11?
10
Let t(b) = 3 - 8 + 1 + b**2 + 5*b. Let j be t(-3). What is the remainder when -9*j/3 + -1 is divided by 10?
9
Suppose 3*h - 113 - 148 = 0. Suppose -h - 37 = -4*f. Suppose -3*k + 67 = 4*m, 5*k = -3*m + 33 + f. What is the remainder when 37 is divided by m?
11
Let g = -58 - -87. Let y = -9 + g. What is the remainder when 77 is divided by y?
17
Let w be 3 - (0 + -1 + 1). Suppose 3*h = h + 5*v, w*h - 9 = 3*v. What is the remainder when 7 is divided by h?
2
Let d(q) be the third derivative of -5*q**4/12 - q**3/3 - 2*q**2. Let c be d(-5). Suppose -l = -5*l + c. What is the remainder when 34 is divided by l?
10
Let w = 18 - 14. Let m be 4/(-10) - 468/(-20). Let u = m - 16. Calculate the remainder when u is divided by w.
3
Suppose -6*u = -5*u - 4*d - 17, 2*u + 4*d = 70. Calculate the remainder when 57 is divided by u.
28
Let h = -85 - -207. What is the remainder when h is divided by 31?
29
Let c = 158 - 134. Calculate the remainder when 75 is divided by c.
3
Suppose u - 5*s + 11 = 0, 3*s + 15 = 3*u - 0. Suppose 0 = -v + 51 - u. What is the remainder when v is divided by 15?
12
Let z(s) = -s**3 - 10*s**2 - 11*s - 4. Let h(a) = a**2 - 12*a + 11. Let v be h(10). Calculate the remainder when z(v) is divided by 8.
6
Suppose -6 = l - 5*y, 5 = -l - 5*y + 29. Calculate the remainder when 32/10*(11 - 6) is divided by l.
7
Let y = 15 - 12. Suppose a + 158 = y*a. Calculate the remainder when a is divided by 27.
25
Let h be 82/8 + 3/(-12). Let z = h - -7. Suppose 0 = -3*d + 12, 0*g - 2*g + d = -14. What is the remainder when z is divided by g?
8
Let j(s) = -2*s - 5. Let c be j(7). Let m = c + 31. Let q(h) = -8*h + 3. What is the remainder when q(-4) is divided by m?
11
Suppose 3*c = -5*j + 7*c + 18, -8 = -3*j + c. Suppose -j = -4*s + 6. Suppose 0*t + 80 = s*t. Calculate the remainder when t is divided by 14.
12
Suppose 0 = -n - 5 - 1. Let a = n + 9. Calculate the remainder when 7 is divided by a.
1
Let b(w) = 4*w**2 + 13*w + 11. Let x(h) = -h**2 - 1. Let j(a) = -b(a) - 3*x(a). What is the remainder when 26 is divided by j(-11)?
12
Let i(b) = b**3 - 7*b**2 - 8*b + 1. Calculate the remainder when 2 is divided by i(8).
0
Let q(a) = a - 9. What is the remainder when 12 is divided by q(16)?
5
Let g(y) = -y**3 - 22*y**2 - 22*y + 3. What is the remainder when 143 is divided by g(-21)?
23
Suppose -p = -5*p - 4*b + 60, 5*p + b - 55 = 0. Let f(i) = -i + 8. Let n be f(6). Suppose n*k - 29 = k. Calculate the remainder when k is divided by p.
9
Let y(n) = -n + 12. Let i be y(0). What is the remainder when 25 is divided by (-4)/6 + 164/i?
12
Let c be (-6)/(-10) + 68/20. Suppose -u = -w + 2*u + 16, 2*u - 8 = -c*w. Let d(q) = q**3 - 2*q**2 - q. What is the remainder when d(w) is divided by 15?
13
Let m be 31/(2 + (-4)/4). Suppose -3*f + f - i = -37, -f = -2*i - m. Suppose -3*u - 80 = -5*u. What is the remainder when u is divided by f?
19
Let k be (15/(-4))/(1/4). Calculate the remainder when 44/6 + (-1)/3 is divided by (k/(-6))/(6/12).
2
Let k be (-2)/(-4)*(0 + 0). Suppose k*x - 12 = -2*x. Calculate the remainder when 38 is divided by -4*(-3)/x + 11.
12
Let g(i) = -2*i**3 - 2*i**2 - 3*i - 3. Let f(v) = -v - 5. Let b be f(-3). Calculate the remainder when g(b) is divided by 4.
3
Let o = 221 + -150. What is the remainder when o is divided by 15?
11
Let p = -63 + 95. Suppose -3*s = s - p. What is the remainder when (-2 - 16/(-6))/(8/252) is divided by s?
5
Suppose -2*x + 2 = -10. Suppose 0 = -8*r + x*r + 32. Calculate the remainder when 45 is divided by r.
13
Let b(y) = 4*y**2 + 4*y - 4. Calculate the remainder when b(3) is divided by 15.
14
Let l(s) = 51*s**2. Calculate the remainder when l(1) is divided by 13.
12
Let m(z) = 4*z - 3*z - 2 - 3*z. Let i(k) = -k**3 - 7*k**2 + 4*k + 3. Calculate the remainder when i(-8) is divided by m(-7).
11
Let g be ((-3)/9)/((-2)/54). Suppose 3 = 2*q - g. What is the remainder when (148/q)/((-8)/(-12)) is divided by 13?
11
Let r be (-215)/10 + (-2)/(-4). Let i = -37 - r. Let o = 29 + i. Calculate the remainder when o is divided by 7.
6
Let n = -2 + 8. Calculate the remainder when 33 is divided by n.
3
Let b = -3 - -7. What is the remainder when 23 is divided by b?
3
Let z(k) = k**2 - 3*k - 1. Let i be z(-4). Let d = i + -7. What is the remainder when d is divided by 7?
6
Let f = 10 + -6. Suppose 3*s = 4*s + 3*k - 32, -f*s = 2*k - 88. Let d = -29 - -68. What is the remainder when d is divided by s?
19
Suppose 4*y = -8 - 16. Let b(i) = i**2 + 5*i + 9. Calculate the remainder when b(y) is divided by 9.
6
Suppose 2*s = s + 3*b + 2, -3*b + 6 = 0. What is the remainder when 38 is divided by s?
6
Let l = -10 - -23. Calculate the remainder wh